 j(a)?
7
Let a(p) = 1. Let u(o) = -53*o + 21. Let l(m) = -5*a(m) + u(m). Let d be l(-4). Let c = d - 82. List the prime factors of c.
2, 73
Let a(u) = 18*u**2 + 14*u + 8. Let h be a(4). Let j = 514 - h. List the prime factors of j.
2, 3
Suppose -3*t + 26124 = 2*w, 5*w - 8337 = 2*t - 25734. List the prime factors of t.
2, 3, 1451
Let h(x) be the first derivative of x**4/4 + x**3/3 - 3*x**2 - x - 126. Let q = 4 - 0. What are the prime factors of h(q)?
5, 11
Let n(d) = -17*d - 32. Let o be n(2). Let j = 188 - o. List the prime factors of j.
2, 127
Let l = 996 - 995. What are the prime factors of 54379/39 - l*12/9?
7, 199
Let q = -14112 - -25238. List the prime factors of q.
2, 5563
Suppose 0 = -45*f + 87*f - 21*f - 75033. What are the prime factors of f?
3, 397
Suppose 0*m = 2*t - m - 3, -9 = 2*t - 5*m. Suppose -8*i - 2*w = -10*i + 626, -611 = -2*i - t*w. List the prime factors of i.
2, 5, 31
Let l = -161 - -164. Suppose -7*a - 3867 = -l*n - 2*a, 2578 = 2*n + 3*a. List the prime factors of n.
1289
Let p = -18179 - -49514. List the prime factors of p.
3, 5, 2089
What are the prime factors of 2*(6/21)/((-40)/70) - -6288?
6287
Suppose -5*v + 48947 = 29*m - 33*m, -2*m + 39168 = 4*v. List the prime factors of v.
9791
Let f be -1*2446*5*(-1)/(-10). Let m = 2155 + f. What are the prime factors of m?
2, 233
Let s = -8 + 19. Suppose -3*l - 25 - s = 0. List the prime factors of -9*(-30)/l*(-8)/3.
2, 3, 5
Let m(z) = 2*z + 44. Let w be m(-20). What are the prime factors of (-1)/26*w - (-14784)/104?
2, 71
Let t be (-2 + 1)*2*-2. Let m(j) = 3*j**2 + 137*j - 133. Let u be m(-47). Suppose -5*y + 3*z + 35 = -0*y, -t*y = 3*z - u. What are the prime factors of y?
2, 5
Suppose -2*m = 0, 2*m + 2*m = 4*x - 24264. List the prime factors of x.
2, 3, 337
Suppose -3*y = -i + 203 - 802, 3*y + 2*i - 584 = 0. Suppose 0 = 187*x - 186*x + 50. Let b = y + x. List the prime factors of b.
2, 37
Let p(y) = 968*y**2 - 531*y + 3179. List the prime factors of p(6).
34841
Let z be 8/(-4) + (-16)/(-2). Suppose p - z + 2 = 0. Suppose v + 2*k - 36 = 0, -v - v + p*k = -112. List the prime factors of v.
2, 23
Let r(q) = 2*q**2 - 15*q - 1036. What are the prime factors of r(69)?
7451
What are the prime factors of 764/382 - (-1736 + (0 - 1))?
37, 47
Suppose 2*o - 69704 = -4*z, 356*o + 104546 = 359*o + z. What are the prime factors of o?
2, 3, 11
Suppose -8*m + 225 = -3*m. List the prime factors of 992/64*(m + -1).
2, 11, 31
Suppose -25 = -4*b + 2*m + 17, 3*m - 3 = 0. Suppose b*h - 2969 + 681 = 0. What are the prime factors of h?
2, 13
Suppose 2*s = -2*j + 4, 5*j - 3*s + s = 10. Suppose -j*g + 2*v - 137 = 7*v, -4*v = -5*g - 260. Let u = 98 + g. List the prime factors of u.
2, 3, 7
Let d(m) = m**3 + 27*m**2 + 12*m + 57. List the prime factors of d(-14).
2437
Suppose 0 = 15*y - 14*y - 201. Suppose -6*z = -y - 279. List the prime factors of z.
2, 5
Let v(n) = 2*n**2 + 4*n - 12. Suppose 10*p = 14*p. Suppose p*f = -11*f + 55. What are the prime factors of v(f)?
2, 29
Let q(g) = -29*g - 257. Let k be q(-19). What are the prime factors of (-97)/(-5 - k/(-60))?
2, 5, 97
Let s(n) = 29 - 2*n + 3*n**2 - 3*n**2 + 3*n**2 - 19*n - 2*n. What are the prime factors of s(11)?
139
Suppose 0 = -j + 4*b + 54267, 4*j + b - 203871 = 13112. List the prime factors of j.
17, 3191
Let d(o) = -20 - 6 - 11 + 50*o - o**2 - 14. List the prime factors of d(28).
5, 113
Let t = 22117 + -478. List the prime factors of t.
3, 7213
What are the prime factors of 7/5 + 32018095/1325?
2, 43, 281
Let u = 188 + -96. Suppose 5*z - f = -u, 5*z + 100 = -0*z + 5*f. Let l(g) = g**3 + 18*g**2 - 2*g - 3. List the prime factors of l(z).
3, 11
Let y(p) = 95*p**2 + 42*p - 54. List the prime factors of y(24).
2, 3, 1031
Let h = 3394 + 1969. List the prime factors of h.
31, 173
Let u = -73 - -75. Let l(q) = 52*q**2 + q + 1. Let b be l(u). Suppose 80 + b = 3*f. List the prime factors of f.
97
Let y(b) = -b**3 - 14*b**2 - 13*b - 35. Let q be y(10). Let a = 4316 + q. What are the prime factors of a?
17, 103
Let w = 45545 - 7939. What are the prime factors of w?
2, 18803
Let h(d) be the first derivative of d**3/3 + 5*d**2/2 - 2*d + 4. Let a be h(-6). Suppose m = -m + a. List the prime factors of m.
2
Let y = 53 + -31. Let g be 2/10 + y/(-10) + 2. Suppose 2*b + 3*s - 79 = g, 0 = -2*b - 2*b + 2*s + 118. What are the prime factors of b?
2
Let a = -38 + 43. Suppose 3*q = -9, z - q + 37 = a*z. Suppose -3*w = -z - 29. What are the prime factors of w?
13
Let l be ((-504)/(-3))/(15/10). Suppose l + 18 = 2*h. Let z = -12 + h. List the prime factors of z.
53
Let b be 2*-5*(-27)/18. Suppose -5*h - 36 = -4*m, -5*m - h + 1 + b = 0. Suppose -192 = m*x - 7*x. List the prime factors of x.
2
Let g(b) = -b**2 - 8*b - 8. Let v be g(-6). Let f be 3 - -6 - 16 - (-140)/14. Suppose 0 = -4*t - 3*i + 170 - 57, -v*i = f*t - 76. List the prime factors of t.
2
Suppose 84*h - 86*h = -b + 141, h + 802 = 6*b. What are the prime factors of b?
7, 19
Suppose -35194 = -8*n + 8806. What are the prime factors of n?
2, 5, 11
Suppose -x - o = -6815, 5*x + 378*o = 374*o + 34080. What are the prime factors of x?
2, 5, 11, 31
Let c(k) = 179*k + 400. What are the prime factors of c(14)?
2, 1453
Suppose 0 = 4*s - 3*j + 2898, -10*s = -9*s + 2*j + 730. Let k = s - -1556. List the prime factors of k.
2, 5, 83
Suppose -6*o - 11 - 1 = 0. Let i be (50/15)/(o - (-204)/99). Suppose i = -6*b + 577. List the prime factors of b.
3, 29
Let m(o) = o**3 + 191*o**2 + 374*o + 628. What are the prime factors of m(-189)?
2, 173
Suppose 5*w = -w - 78. Let x(i) = -2*i**3 - 25*i**2 + 3*i - 5. What are the prime factors of x(w)?
5
Suppose k = 5, -13*v + 3*k - 57357 = -15*v. List the prime factors of v.
3, 19, 503
Let w(x) = -199*x - 7. Let s be w(2). Let z = 171 - s. What are the prime factors of z?
2, 3
Let t(z) = 2*z**2 + 11*z + 10. Let y be t(-5). Suppose 0 = -3*i + 5*h + 13, -4*h + 32 = y*i - 2*h. Suppose i*p = 4*p + 272. List the prime factors of p.
2, 17
Let v(p) = -6*p - 35. Let w = -76 - -71. Let s be v(w). List the prime factors of (s - (-28)/7)/((-1)/154).
2, 7, 11
Suppose -15744 = -3*n + t, -17320 = -5*n + 5*t + 8920. List the prime factors of n.
2, 41
Let k = -208 - 114. Let x = k + 386. List the prime factors of x.
2
Let p be 80/(-6)*(56/(-16) + 5). Let c(r) = -r**3 - 20*r**2 + 15. List the prime factors of c(p).
3, 5
Suppose 0 = -4*q + 915 + 341. List the prime factors of (-22 - -26)/(8/q).
157
List the prime factors of (44341 - (19 - 3)) + -8 + 0.
7, 13, 487
List the prime factors of 0 + 16654 + (18 + 0 - 8).
2, 2083
Let l = 110 + -38. Let y be (l/(-14))/(9/(-252)). What are the prime factors of (2 - -2)*y/32?
2, 3
Suppose -13*y = 13*y - 38*y + 137028. List the prime factors of y.
19, 601
Let y(g) = g**3 - 5*g**2 - 3*g - 9. Let a = 62 - 56. Let u be y(a). Suppose -u*v + 308 = -889. List the prime factors of v.
7, 19
Let q be ((-12)/(-10))/(8/(-280)). Let b(p) = 7*p**2 - 4*p + 1. Let f be b(3). Let a = q + f. List the prime factors of a.
2, 5
Let k = -12 - -53. Suppose k*i = 44*i - 246. List the prime factors of i.
2, 41
Let k be ((-20)/6)/((-3)/9). Suppose -10 = -k*b + 5*b. Suppose 2*g + 259 = 5*a, -53 - 6 = -a - b*g. List the prime factors of a.
53
Let y(q) = -q**3 - 16*q**2 + 21*q. Let b(u) = u**2 + 2*u - 1. Let i(l) = 3*b(l) + y(l). Let k be ((-6)/(-1))/(-2)*5. List the prime factors of i(k).
2, 3, 7
Suppose -37556 = -5*t - 2*j, 226*j - 222*j = t - 7498. What are the prime factors of t?
2, 5, 751
Let g(c) = c**3 - 8*c**2 + 3. Let n be g(8). Suppose -3*p = -m + 313, 1106 = 4*m - n*p - 173. List the prime factors of m.
2, 7, 23
Suppose -5 = -j, 6 - 22 = -a - 5*j. Let x(y) = y**3 + 9*y**2 - 2*y - 22. Let s be x(a). What are the prime factors of 12/s + 108 + 0?
3, 5, 7
Let i(d) = -d**3 - 26*d**2 - 2*d - 53. Let p be i(-26). Let f be (-60 + p + 1)*(-18)/15. Let h = 98 - f. List the prime factors of h.
2, 13
Suppose -2*a + 4*g = 8, 5*a = 2*g - 6 + 2. Suppose -k = y - a*y, y + 5*k = 0. Suppose -3*d - 2*d + 615 = y. List the prime factors of d.
3, 41
Suppose -9*t = -8*t - 2*q + 2, -16 = -t - 4*q. Suppose 4*n = -t*u - u + 3851, -5*u + 3827 = -2*n. What are the prime factors of u?
13, 59
Let s = 1806 + -771. Let k = -142 + s. What are the prime factors of k?
19, 47
Let p(z) = -z + 20. Let t = -44 - -30